f 1794020?
2, 5, 271, 331
What are the prime factors of 700462?
2, 7, 50033
What are the prime factors of 358251?
3, 119417
What are the prime factors of 80809?
80809
List the prime factors of 368025.
3, 5, 7, 701
List the prime factors of 7697452.
2, 7, 274909
List the prime factors of 28788457.
43, 107, 6257
List the prime factors of 635221.
31, 661
What are the prime factors of 6337536?
2, 3, 2063
List the prime factors of 32261286.
2, 3, 163, 32987
List the prime factors of 72943.
13, 31, 181
List the prime factors of 10240405.
5, 7, 23, 12721
List the prime factors of 49194.
2, 3, 911
What are the prime factors of 25281932?
2, 13, 19, 25589
List the prime factors of 108849.
3, 13, 2791
What are the prime factors of 168574?
2, 7, 12041
List the prime factors of 585999.
3, 65111
List the prime factors of 3150570.
2, 3, 5, 105019
What are the prime factors of 6709946?
2, 3354973
List the prime factors of 3253830.
2, 3, 5, 108461
What are the prime factors of 2677476?
2, 3, 23, 89, 109
List the prime factors of 5123420.
2, 5, 113, 2267
List the prime factors of 3386721.
3, 13, 37, 2347
List the prime factors of 1140450.
2, 3, 5, 7603
List the prime factors of 480016.
2, 19, 1579
List the prime factors of 21953549.
31, 708179
What are the prime factors of 150318?
2, 3, 7, 1193
What are the prime factors of 53916?
2, 3, 4493
What are the prime factors of 402649?
13, 47, 659
List the prime factors of 14068545.
3, 5, 937903
List the prime factors of 1984550.
2, 5, 19, 2089
List the prime factors of 159299.
7, 3251
What are the prime factors of 7108301?
1321, 5381
List the prime factors of 2684774.
2, 89, 15083
What are the prime factors of 1352051?
131, 10321
List the prime factors of 18506775.
3, 5, 7, 35251
What are the prime factors of 32497557?
3, 17, 113, 5639
What are the prime factors of 15553666?
2, 19, 397, 1031
What are the prime factors of 7026245?
5, 1405249
List the prime factors of 1485514.
2, 742757
List the prime factors of 280398.
2, 3, 17, 2749
List the prime factors of 1676172.
2, 3, 139681
List the prime factors of 79815.
3, 5, 17, 313
List the prime factors of 274442.
2, 7, 19603
List the prime factors of 597097.
383, 1559
What are the prime factors of 875834?
2, 193, 2269
List the prime factors of 6313597.
6313597
What are the prime factors of 1407096?
2, 3, 19543
What are the prime factors of 401208?
2, 3, 73, 229
What are the prime factors of 5756259?
3, 19, 100987
List the prime factors of 3509942.
2, 1754971
What are the prime factors of 457456?
2, 28591
List the prime factors of 1362764.
2, 13, 73, 359
List the prime factors of 9882227.
1307, 7561
What are the prime factors of 8866117?
13, 682009
List the prime factors of 16959762.
2, 3, 47, 20047
List the prime factors of 984826.
2, 492413
List the prime factors of 342520.
2, 5, 8563
List the prime factors of 5193518.
2, 11, 236069
What are the prime factors of 742433?
331, 2243
List the prime factors of 1373225.
5, 7, 19, 59
List the prime factors of 6257289.
3, 19, 151, 727
What are the prime factors of 201255?
3, 5, 13417
What are the prime factors of 546631?
546631
List the prime factors of 127843.
127843
What are the prime factors of 1127337?
3, 375779
List the prime factors of 398094.
2, 3, 43, 1543
List the prime factors of 3977721.
3, 11, 59, 227
List the prime factors of 10079004.
2, 3, 13, 64609
List the prime factors of 27670628.
2, 17, 107, 3803
List the prime factors of 197635.
5, 29, 47
What are the prime factors of 191751?
3, 7, 23, 397
List the prime factors of 13361691.
3, 7, 43, 14797
List the prime factors of 230010.
2, 3, 5, 11, 17, 41
List the prime factors of 4185400.
2, 5, 17, 1231
List the prime factors of 6221955.
3, 5, 41, 67, 151
What are the prime factors of 5898747?
3, 67, 29347
List the prime factors of 22651065.
3, 5, 41, 12277
List the prime factors of 8379196.
2, 7, 42751
What are the prime factors of 215212?
2, 173, 311
List the prime factors of 1277112.
2, 3, 127, 419
List the prime factors of 2076.
2, 3, 173
What are the prime factors of 6018918?
2, 3, 17, 59009
What are the prime factors of 351595?
5, 19, 3701
What are the prime factors of 10367490?
2, 3, 5, 7, 49369
What are the prime factors of 834904?
2, 7, 17, 877
What are the prime factors of 882559?
701, 1259
What are the prime factors of 828668?
2, 223, 929
What are the prime factors of 141316?
2, 7, 103
List the prime factors of 1634129.
7, 43, 61, 89
List the prime factors of 525687.
3, 175229
List the prime factors of 9024006.
2, 3, 163, 9227
What are the prime factors of 982352?
2, 7, 179
What are the prime factors of 979489?
7, 17, 8231
List the prime factors of 1716423.
3, 29, 109, 181
What are the prime factors of 2726037?
3, 499, 607
What are the prime factors of 394429?
7, 29, 67
List the prime factors of 15947630.
2, 5, 1594763
What are the prime factors of 4657685?
5, 931537
What are the prime factors of 1532334?
2, 3, 41, 6229
What are the prime factors of 9888477?
3, 503, 6553
What are the prime factors of 18516943?
1481, 12503
What are the prime factors of 368154?
2, 3, 113, 181
List the prime factors of 3675142.
2, 251, 7321
List the prime factors of 539977.
197, 2741
List the prime factors of 324021.
3, 108007
What are the prime factors of 269594?
2, 13, 10369
What are the prime factors of 48791?
97, 503
List the prime factors of 4739227.
19, 249433
List the prime factors of 411629.
107, 3847
List the prime factors of 302909.
302909
List the prime factors of 1578985.
5, 31, 61, 167
List the prime factors of 5520081.
3, 7, 83, 3167
What are the prime factors of 6358146?
2, 3, 593, 1787
List the prime factors of 715373.
715373
What are the prime factors of 2314665?
3, 5, 51437
What are the prime factors of 31538?
2, 13, 1213
What are the prime factors of 1550446?
2, 181, 4283
What are the prime factors of 23220614?
2, 157, 73951
What are the prime factors of 16067182?
2, 8033591
List the prime factors of 2702703.
3, 163, 5527
What are the prime factors of 126236?
2, 11, 19, 151
What are the prime factors of 376251?
3, 167, 751
What are the prime factors of 494909?
659, 751
List the prime factors of 20836153.
13, 373, 4297
What are the prime factors of 98385?
3, 5, 7, 937
What are the prime factors of 393540?
2, 3, 5, 7, 937
List the prime factors of 1607276.
2, 11, 36529
What are the prime factors of 14702218?
2, 7351109
What are the prime factors of 78331?
11, 7121
What are the prime factors of 4480487?
11, 407317
What are the prime factors of 17355723?
3, 7, 11, 75133
What are the prime factors of 13166007?
3, 17, 258157
What are the prime factors of 290606?
2, 145303
What are the prime factors of 4584192?
2, 3, 47, 127
List the prime factors of 542868.
2, 3, 19, 2381
List the prime factors of 903362.
2, 451681
List the prime factors of 30128.
2, 7, 269
What are the prime factors of 271796?
2, 7, 17, 571
What are the prime factors of 1435254?
2, 3, 43, 5563
List the prime factors of 35881606.
2, 17940803
What are the prime factors of 5558304?
2, 3, 57899
What are the prime factors of 20474465?
5, 11, 372263
What are the prime factors of 530853?
3, 176951
What are the prime factors of 630292?
2, 13, 17, 23, 31
What are the prime factors of 298853?
298853
List the prime factors of 4226476.
2, 239, 4421
What are the prime factors of 276823?
276823
List the prime factors of 3658023.
3, 406447
What are the prime factors of 1652746?
2, 353, 2341
What are the prime factors of 129797?
31, 53, 79
List the prime factors of 16435151.
71, 231481
List the prime factors of 18452.
2, 7, 659
List the prime factors of 101511.
3, 11279
List the prime factors of 10007423.
10007423
List the prime factors of 5142993.
3, 17, 31, 3253
List the prime factors of 196045.
5, 39209
List the prime factors of 1381333.
103, 13411
What are the prime factors of 191053?
31, 6163
List the prime factors of 944345.
5, 188869
What are the prime factors of 335328?
2, 3, 7, 499
List the prime factors of 247744.
2, 7, 79
What are the prime factors of 1840867?
7, 262981
What are the prime factors of 628972?
2, 157243
What are the prime factors of 23364?
2, 3, 11, 59
List the prime factors of 3727997.
7, 13, 71, 577
What are the prime factors of 196027?
13, 17, 887
List the prime factors of 296024